et r(b) = -21*b - 5. Suppose -3*h + 4 = -5*h. Let q = -13 - -23. Calculate the remainder when r(h) is divided by q.
7
Let o be (3/(-1))/(18/(-24)). Suppose -q + 3*h + 0*h = -29, 3*q - 82 = o*h. Calculate the remainder when q is divided by 14.
12
Suppose -s + 697 - 211 = 4*v, 4*v - s = 490. What is the remainder when v is divided by 41?
40
Let o = 339 - 28. What is the remainder when o is divided by 8?
7
Suppose -11*m + 619 = -1559. What is the remainder when m is divided by 40?
38
Suppose -t - 19 = 5*f - 236, -3*f + t = -135. What is the remainder when 85 is divided by f?
41
Suppose -w - 2*p = 22, 0 = -0*p - 2*p - 10. Suppose 0 = 4*d + b - 146, 4*b - 185 = -5*d - 8. Let s = d - w. What is the remainder when s is divided by 17?
15
Let n(b) = -6*b - 3 + b**3 + 0*b**3 - 2*b**3 - 4*b**2. Suppose 3 = -a + 3*x + 2, 5*a + 23 = -3*x. Calculate the remainder when n(a) is divided by 11.
10
Let j = -5 + 7. Let u(k) = k**2 - 13*k + 65. Calculate the remainder when u(6) is divided by (-2 - 0) + j + 12.
11
Let j(b) = b**3 - 3*b**2 + 4. Suppose 71*r = -42*r + 1243. Calculate the remainder when r is divided by j(3).
3
Let h = 2108 + -1887. Calculate the remainder when h is divided by 6.
5
Let f = -110 + 164. What is the remainder when f is divided by 10?
4
Let y = -71 - -91. Suppose -49 = -3*p + y. What is the remainder when 89 is divided by p?
20
Let b = -978 + 999. Calculate the remainder when -1*1/2*-122 is divided by b.
19
Suppose -118 = -4*s + 5*c, -114 = -5*s + s + 3*c. What is the remainder when 104 is divided by s?
23
Let n = 25 - 15. Suppose 2 + n = 3*u. What is the remainder when (-4)/(-10) + (-28)/(-5) is divided by u?
2
Calculate the remainder when 61 + 1 + -5 - -1*4 is divided by 8.
5
Let d = -14 - -12. Let z(a) = -13*a**3 - 2*a. Let q be z(d). Let x = 234 - q. What is the remainder when x is divided by 32?
30
Calculate the remainder when ((-1335)/(-12))/((-40)/(-64)) is divided by 6.
4
Suppose 38*c = 32*c + 3096. Calculate the remainder when c is divided by 47.
46
What is the remainder when 6 is divided by (-116)/(-40) - (0 - (-1)/(-10))?
0
Let c = -56 - -134. Calculate the remainder when 2105 is divided by c.
77
Let n = 281 + -244. What is the remainder when (3 - (24 - -1))*-10 is divided by n?
35
Suppose 11*x - 370 = -73. Calculate the remainder when 41 is divided by x.
14
Let z be 0/(2 - (-2 - -3)). Suppose z = 2*g - 4*g + 70. What is the remainder when g is divided by 1 - 33*5/(-15)?
11
Let x(i) = -2*i - 10. Let k(h) = 9*h - 1. Calculate the remainder when k(2) is divided by x(-8).
5
Let a(i) = -11*i + 23. Let r(n) = 7*n - 15. Let s(v) = -5*a(v) - 8*r(v). Let j(b) = -8*b + 5. Calculate the remainder when j(-4) is divided by s(-8).
11
Let t(n) = 2*n + 2. Let s(c) = -2*c - 2. Let a(x) = -7*s(x) - 6*t(x). What is the remainder when 15 is divided by a(2)?
3
Let i = 72 - 40. Suppose 1452 = 4*j - 48. Suppose j = 4*v + 3. What is the remainder when v is divided by i?
29
Let z = 3 - -21. Suppose 3*x - 21 - z = 0. What is the remainder when 66 is divided by 500/x + 4/6?
32
Let v(o) = -2*o**3 - 31*o**2 - 16*o + 4. Calculate the remainder when 128 is divided by v(-15).
14
Suppose 9*d - 2*d - 448 = 0. What is the remainder when 189 is divided by d?
61
Suppose 35*p + 599 = 1404. Let a(w) = w**3 - 6*w**2 - 2*w + 3. Let f be a(6). Let s = f - -17. Calculate the remainder when p is divided by s.
7
Suppose -3*w = d - 3*d + 201, -2*w - 2*d = 124. Let i = w + 114. Calculate the remainder when i is divided by 11.
5
Let j(c) = c + 13. Let i be j(-5). Suppose -3*o - 115 = -i*o. Suppose 3*g = o + 1. Calculate the remainder when 22 is divided by g.
6
Suppose 0 = -n + z - 2, 2*n - 16 = -3*z - 0. Suppose -v = 3*x - x - 53, n*v - 5*x = 124. Calculate the remainder when v is divided by 30.
27
Let h = -45 + 45. Suppose h = -2*u - d + 35, -d = -2*u - 0*d + 29. Calculate the remainder when 39 is divided by u.
7
Suppose -v - 5*a - 9 = 2*v, 0 = -4*v + 4*a + 20. Suppose -22 = -t - 5*u, -5*u - 2 = v*t - 3*t. Calculate the remainder when ((-2)/(-4))/(6/264) is divided by t.
10
Let b = -43 + 46. Suppose -b*d + 105 = -33. What is the remainder when d is divided by 12?
10
Suppose 3*c + 1 = -11, -3*u + c = -13. Calculate the remainder when 23 is divided by (0 - (-13)/3)*u.
10
Let h be 5*(4 - 1 - (2 - 0)). Calculate the remainder when 90 + 3/(-1) - (h - 7) is divided by 13.
11
Let d(f) = 21*f - 108. Calculate the remainder when d(11) is divided by 21.
18
Let s = 68 - -57. Suppose 128 = -4*v + 5*w + 827, -367 = -2*v - w. Let t = v - s. Calculate the remainder when t is divided by 19.
18
Suppose -26*g = -24*g - 38. Calculate the remainder when 168 is divided by g.
16
Suppose -5*h + 0*b = -2*b + 80, 4*h + 5*b = -64. Let x be (-10)/((-3)/3)*(-2 - -6). Let y = x + h. What is the remainder when 70 is divided by y?
22
What is the remainder when 18/(-33) - (-28536)/44 is divided by 65?
63
Let d(m) = -17 + 12 - 2*m + 3. Let c be d(3). What is the remainder when 11 is divided by 74/10 + c/20?
4
Suppose 4*q + 4*p - 164 = 2*q, 5*q - 416 = -4*p. Suppose 0 = -4*a + q - 28. What is the remainder when a is divided by 8?
6
Let u = -386 - -602. What is the remainder when u is divided by 20?
16
What is the remainder when 31 is divided by 2/(-4)*34/17*-11?
9
Let t be ((-225)/27)/(1/(-12)). Let q = t - 174. Let b = -27 - q. Calculate the remainder when b is divided by 12.
11
Suppose m + 3*r = 24, -8*r + 9 = -5*r. What is the remainder when 177 is divided by m?
12
Suppose 64 = 2*x - 4*l, 0 = -4*x + l + 147 - 40. What is the remainder when x is divided by 13?
0
Suppose 4*m - u - 59 = 0, 18 = -2*m + 3*m + 3*u. Calculate the remainder when -7*(-9 + (-114)/21) is divided by m.
11
Calculate the remainder when 43 - ((2 - -10) + -5) is divided by 6.
0
Let g(n) = 70*n - 125. Let f(y) = 5*y - 9. Let k(x) = -55*f(x) + 4*g(x). Let b be k(7). Calculate the remainder when 23 is divided by 2/(b/26 - 1).
10
Let m = 13 + 21. Suppose -94 + m = -4*h. Suppose 0*l + h = l. What is the remainder when 58 is divided by l?
13
Suppose 0*x + 238 = 17*x. What is the remainder when 54 is divided by x?
12
Let w = -176 + 211. Suppose -2*k = 4, -4*p + 411 = -4*k - 153. Calculate the remainder when p is divided by w.
34
Let i(b) = 4*b**2. Calculate the remainder when -38*(-3)/6 + -2 is divided by i(1).
1
Let n = -1295 + 1300. Calculate the remainder when 179 is divided by n.
4
Suppose 12 = o + o. Let l be 2*(4 + -3*2). Calculate the remainder when 2 + 9 + (-4 - l) is divided by o.
5
Let a(f) be the third derivative of -f**6/120 - f**5/60 - f**4/12 - 5*f**3/2 + 41*f**2. Calculate the remainder when a(-6) is divided by 20.
17
Suppose -25 = -8*q + 3*q. Suppose -q*b + 8*b - 9 = 0. Let g = 100 + -94. What is the remainder when g is divided by b?
0
Let a(o) = -4*o + 20. Let j be a(7). Calculate the remainder when (18/j)/((-2)/72) is divided by (21/(-2))/3*-4.
11
Suppose -5*j - b = 59 + 341, -5*j - 3*b - 390 = 0. Let t = j + 105. What is the remainder when 45 is divided by t?
21
Let l = -64 - -64. Calculate the remainder when 110 is divided by (-114)/(-1 + -2) + l.
34
Suppose 3*q = q. Let a = q + 1. What is the remainder when 2 is divided by a?
0
Suppose -2*v - 8 = -4*v. Suppose 4*b - 56 = -v. Calculate the remainder when -1*(-1)/(-2)*-100 is divided by b.
11
Calculate the remainder when 491 is divided by 2 - (1 + 0)/((-29)/1131).
40
Let u(l) = -l**2 - 12*l - 5. Let d be u(-8). Let n = 37 - d. Calculate the remainder when 36 is divided by n.
6
Suppose -2*t = -19 + 21. What is the remainder when (3 - (t - -2)) + 7 is divided by 6?
3
Let y(j) = -j**2 + 55*j - 556. Calculate the remainder when 286 is divided by y(14).
16
Let n = 714 - 632. Calculate the remainder when 159 is divided by n.
77
What is the remainder when (0 + 708/(-7))*574/(-123) is divided by 34?
30
Let f = 2 + 6. Let k(t) = t**2 - 2*t + 16. Let d be k(0). Suppose -78 = -2*o - d. Calculate the remainder when o is divided by f.
7
Let z = 47 - 18. Let l be (4 - (4 + -1)) + 4. Suppose 2*f = -q + 38, z = l*f + q - 66. Calculate the remainder when f is divided by 4.
3
Let x = -507 - -885. What is the remainder when x is divided by 77?
70
Let t = -119 - -174. What is the remainder when t is divided by 16?
7
Suppose -3*o = 7 + 2. Let g(u) = u**2 + 3*u + 5. What is the remainder whe